{"id":1000,"date":"2022-08-12T23:47:32","date_gmt":"2022-08-12T23:47:32","guid":{"rendered":"https:\/\/temime.shop\/?post_type=product&#038;p=1000"},"modified":"2025-10-13T12:49:57","modified_gmt":"2025-10-13T12:49:57","slug":"caja-para-guardar-los-dientes","status":"publish","type":"product","link":"https:\/\/temime.shop\/index.php\/product\/caja-para-guardar-los-dientes\/","title":{"rendered":"CAJA RAT\u00d3N P\u00c9REZ"},"content":{"rendered":"","protected":false},"excerpt":{"rendered":"<p>\ud83d\udc2d Cajitas para guardar los dientes de leche.<\/p>\n<p>Para los chicos, son un im\u00e1n para recibir la tan ansiada llegada del Rat\u00f3n P\u00e9rez; para los pap\u00e1s, son un peque\u00f1o objeto para atesorar esos primeros dientitos que guardamos para siempre \ud83d\ude0d<\/p>\n<p>En su interior, se va guardando cada diente en su posici\u00f3n y se escribe la fecha. Ideal para poner debajo de la almohada y esperar a que el Rat\u00f3n P\u00e9rez haga el resto con su magia&#8230; \ud83d\udc2d\ud83c\udf08.<\/p>\n<p>\ud83d\ude9a Env\u00edos a todo el pa\u00eds \ud83c\udde6\ud83c\uddf7<br \/>\n\ud83c\udfcd Env\u00edos en CABA Y GBA por moto mensajer\u00eda<br \/>\n\ud83d\udccd Retiras sin cargo por Almagro<\/p>\n<p>Pod\u00e9s pagar con Mercado Pago o transferencia Bancaria.<\/p>\n","protected":false},"featured_media":1001,"template":"","meta":{"om_disable_all_campaigns":false,"_monsterinsights_skip_tracking":false,"_monsterinsights_sitenote_active":false,"_monsterinsights_sitenote_note":"","_monsterinsights_sitenote_category":0,"site-sidebar-layout":"default","site-content-layout":"default","ast-main-header-display":"","ast-hfb-above-header-display":"","ast-hfb-below-header-display":"","ast-hfb-mobile-header-display":"","site-post-title":"","ast-breadcrumbs-content":"","ast-featured-img":"","footer-sml-layout":"","theme-transparent-header-meta":"","adv-header-id-meta":"","stick-header-meta":"","header-above-stick-meta":"","header-main-stick-meta":"","header-below-stick-meta":""},"product_cat":[57],"product_tag":[],"aioseo_notices":[],"_links":{"self":[{"href":"https:\/\/temime.shop\/index.php\/wp-json\/wp\/v2\/product\/1000"}],"collection":[{"href":"https:\/\/temime.shop\/index.php\/wp-json\/wp\/v2\/product"}],"about":[{"href":"https:\/\/temime.shop\/index.php\/wp-json\/wp\/v2\/types\/product"}],"wp:featuredmedia":[{"embeddable":true,"href":"https:\/\/temime.shop\/index.php\/wp-json\/wp\/v2\/media\/1001"}],"wp:attachment":[{"href":"https:\/\/temime.shop\/index.php\/wp-json\/wp\/v2\/media?parent=1000"}],"wp:term":[{"taxonomy":"product_cat","embeddable":true,"href":"https:\/\/temime.shop\/index.php\/wp-json\/wp\/v2\/product_cat?post=1000"},{"taxonomy":"product_tag","embeddable":true,"href":"https:\/\/temime.shop\/index.php\/wp-json\/wp\/v2\/product_tag?post=1000"}],"curies":[{"name":"wp","href":"https:\/\/api.w.org\/{rel}","templated":true}]}}