{"id":1024,"date":"2022-08-13T00:15:49","date_gmt":"2022-08-13T00:15:49","guid":{"rendered":"https:\/\/temime.shop\/?post_type=product&#038;p=1024"},"modified":"2022-10-18T22:30:42","modified_gmt":"2022-10-18T22:30:42","slug":"para-souvenirs-de-cumpleanos","status":"publish","type":"product","link":"https:\/\/temime.shop\/index.php\/product\/para-souvenirs-de-cumpleanos\/","title":{"rendered":"Etiquetas para souvenirs"},"content":{"rendered":"<div>Solicitar presupuesto<\/div>\n<div>S\u00f3lo ten\u00e9s que contarme la tem\u00e1tica que quieras, y el resto lo dej\u00e1s en mis manos!\u00a0Porque a todos nos gusta encontrar en cada detalle ese amor y dedicaci\u00f3n para\u00a0<a role=\"link\" href=\"https:\/\/www.instagram.com\/explore\/tags\/celebrar\/?hl=es-la\" target=\"_blank\" rel=\"noopener\" data-saferedirecturl=\"https:\/\/www.google.com\/url?q=https:\/\/www.instagram.com\/explore\/tags\/celebrar\/?hl%3Des-la&amp;source=gmail&amp;ust=1664581622741000&amp;usg=AOvVaw16k0yHUoN9Ra2byJgQ5dgc\">celebrar<\/a>\u00a0un d\u00eda tan especial!\u00a0<img class=\"an1\" src=\"https:\/\/fonts.gstatic.com\/s\/e\/notoemoji\/14.0\/2757\/32.png\" alt=\"\u2757\" data-emoji=\"\u2757\" aria-label=\"\u2757\" \/>Ten\u00e9 en cuenta que las etiquetas pueden imprimirse tanto sobre fondo blanco, del color que quieras o en vinilo transparente!<\/div>\n","protected":false},"excerpt":{"rendered":"<div>Solicitar presupuesto<\/div>\n<div>S\u00f3lo ten\u00e9s que contarme la tem\u00e1tica que quieras, y el resto lo dej\u00e1s en mis manos!\u00a0Porque a todos nos gusta encontrar en cada detalle ese amor y dedicaci\u00f3n para\u00a0<a role=\"link\" href=\"https:\/\/www.instagram.com\/explore\/tags\/celebrar\/?hl=es-la\" target=\"_blank\" rel=\"noopener\" data-saferedirecturl=\"https:\/\/www.google.com\/url?q=https:\/\/www.instagram.com\/explore\/tags\/celebrar\/?hl%3Des-la&amp;source=gmail&amp;ust=1664581622741000&amp;usg=AOvVaw16k0yHUoN9Ra2byJgQ5dgc\">celebrar<\/a>\u00a0un d\u00eda tan especial!\u00a0<img class=\"an1\" src=\"https:\/\/fonts.gstatic.com\/s\/e\/notoemoji\/14.0\/2757\/32.png\" alt=\"\u2757\" data-emoji=\"\u2757\" aria-label=\"\u2757\" \/>Ten\u00e9 en cuenta que las etiquetas pueden imprimirse tanto sobre fondo blanco, del color que quieras o en vinilo transparente!<\/div>\n","protected":false},"featured_media":1184,"template":"","meta":{"om_disable_all_campaigns":false,"_monsterinsights_skip_tracking":false,"_monsterinsights_sitenote_active":false,"_monsterinsights_sitenote_note":"","_monsterinsights_sitenote_category":0,"site-sidebar-layout":"default","site-content-layout":"default","ast-main-header-display":"","ast-hfb-above-header-display":"","ast-hfb-below-header-display":"","ast-hfb-mobile-header-display":"","site-post-title":"","ast-breadcrumbs-content":"","ast-featured-img":"","footer-sml-layout":"","theme-transparent-header-meta":"","adv-header-id-meta":"","stick-header-meta":"","header-above-stick-meta":"","header-main-stick-meta":"","header-below-stick-meta":""},"product_cat":[53],"product_tag":[],"aioseo_notices":[],"_links":{"self":[{"href":"https:\/\/temime.shop\/index.php\/wp-json\/wp\/v2\/product\/1024"}],"collection":[{"href":"https:\/\/temime.shop\/index.php\/wp-json\/wp\/v2\/product"}],"about":[{"href":"https:\/\/temime.shop\/index.php\/wp-json\/wp\/v2\/types\/product"}],"wp:featuredmedia":[{"embeddable":true,"href":"https:\/\/temime.shop\/index.php\/wp-json\/wp\/v2\/media\/1184"}],"wp:attachment":[{"href":"https:\/\/temime.shop\/index.php\/wp-json\/wp\/v2\/media?parent=1024"}],"wp:term":[{"taxonomy":"product_cat","embeddable":true,"href":"https:\/\/temime.shop\/index.php\/wp-json\/wp\/v2\/product_cat?post=1024"},{"taxonomy":"product_tag","embeddable":true,"href":"https:\/\/temime.shop\/index.php\/wp-json\/wp\/v2\/product_tag?post=1024"}],"curies":[{"name":"wp","href":"https:\/\/api.w.org\/{rel}","templated":true}]}}