{"id":1052,"date":"2022-08-13T00:40:07","date_gmt":"2022-08-13T00:40:07","guid":{"rendered":"https:\/\/temime.shop\/?post_type=product&#038;p=1052"},"modified":"2022-10-21T23:07:32","modified_gmt":"2022-10-21T23:07:32","slug":"fotoalbum-del-embarazo","status":"publish","type":"product","link":"https:\/\/temime.shop\/index.php\/product\/fotoalbum-del-embarazo\/","title":{"rendered":"Fotoalbum del embarazo"},"content":{"rendered":"","protected":false},"excerpt":{"rendered":"<p>\u00c9ste \u00e1lbum, adem\u00e1s de registrar las fotos del mes a mes del embarazo, es un \u00e1lbum con la historia de DOS personas, que transitan el ser TRES. Un momento \u00daNICO.\u00a0(Solicitar presupuesto)<\/p>\n","protected":false},"featured_media":1155,"template":"","meta":{"om_disable_all_campaigns":false,"_monsterinsights_skip_tracking":false,"_monsterinsights_sitenote_active":false,"_monsterinsights_sitenote_note":"","_monsterinsights_sitenote_category":0,"site-sidebar-layout":"default","site-content-layout":"default","ast-main-header-display":"","ast-hfb-above-header-display":"","ast-hfb-below-header-display":"","ast-hfb-mobile-header-display":"","site-post-title":"","ast-breadcrumbs-content":"","ast-featured-img":"","footer-sml-layout":"","theme-transparent-header-meta":"","adv-header-id-meta":"","stick-header-meta":"","header-above-stick-meta":"","header-main-stick-meta":"","header-below-stick-meta":""},"product_cat":[56],"product_tag":[],"aioseo_notices":[],"_links":{"self":[{"href":"https:\/\/temime.shop\/index.php\/wp-json\/wp\/v2\/product\/1052"}],"collection":[{"href":"https:\/\/temime.shop\/index.php\/wp-json\/wp\/v2\/product"}],"about":[{"href":"https:\/\/temime.shop\/index.php\/wp-json\/wp\/v2\/types\/product"}],"wp:featuredmedia":[{"embeddable":true,"href":"https:\/\/temime.shop\/index.php\/wp-json\/wp\/v2\/media\/1155"}],"wp:attachment":[{"href":"https:\/\/temime.shop\/index.php\/wp-json\/wp\/v2\/media?parent=1052"}],"wp:term":[{"taxonomy":"product_cat","embeddable":true,"href":"https:\/\/temime.shop\/index.php\/wp-json\/wp\/v2\/product_cat?post=1052"},{"taxonomy":"product_tag","embeddable":true,"href":"https:\/\/temime.shop\/index.php\/wp-json\/wp\/v2\/product_tag?post=1052"}],"curies":[{"name":"wp","href":"https:\/\/api.w.org\/{rel}","templated":true}]}}